(i) = 13*i**2 + 111*i + 1296. Let f be o(-22). What is the greatest common divisor of f and 415?
83
Suppose -3*a - 3*u + 2*u = -87, 2*a + 2*u - 62 = 0. Let n = 148 + 34. Calculate the highest common factor of a and n.
14
Let p be (-41)/(-3) + 6/18. Suppose 4*k = 3*g + 12, -g = g + k - 3. Suppose -i - 5*d + 24 = -g, 4*d - 36 = -5*i. What is the greatest common divisor of p and i?
2
Let y(j) = -20*j + 932. Let b be y(-25). What is the highest common divisor of b and 8?
8
Let o be 41 - 0 - (2 - -7). Calculate the highest common divisor of o and 7264.
32
Let u(r) = -143*r - 1969. Let o be u(-14). Calculate the greatest common divisor of 5302 and o.
11
Let h(r) be the second derivative of r**4/6 + 2*r**3/3 - 97*r**2/2 - 330*r. Let p be h(11). Calculate the greatest common factor of p and 21.
21
Suppose 0 = -120*v - 113*v + 6524. Calculate the highest common divisor of v and 40.
4
Suppose -3*q = 4*h - 291, h - 71*q = -72*q + 73. What is the highest common divisor of 3512 and h?
8
Let r = -1449 - -1585. Calculate the greatest common divisor of r and 238.
34
Suppose -5*b + 6*b - 1856 = -0*b. What is the greatest common factor of 128 and b?
64
Let k = -16420 - -27236. What is the highest common factor of 338 and k?
338
Suppose 11*x = 4*f + 13*x - 614, 5*f - 4*x = 800. Suppose -3*d + 48 = -3*c, 30 + 14 = 5*d + 4*c. Calculate the greatest common divisor of f and d.
12
Let r be (12/9)/((-128)/(-5664)). What is the highest common factor of 118 and r?
59
Suppose 6*v - 1306 + 1252 = 0. Suppose 5*d - 252 = d. What is the highest common factor of v and d?
9
Suppose -2703 = -29*k - 1717. Let m be (1 - 2) + 1 + 17. Calculate the highest common factor of k and m.
17
Suppose 6 - 2 = 4*r, 3*r - 144 = -3*t. Suppose -803 = -5*v + t*y - 46*y, 2*y + 806 = 5*v. Calculate the greatest common factor of 32 and v.
32
Let h be (-8 - -9)*(-2 + 5)*1. Calculate the greatest common factor of 1623 and h.
3
Suppose -169 = -4*z - 3*m, -z - z - 3*m = -89. Suppose 1238*f - 1247*f + 1224 = 0. Calculate the greatest common factor of f and z.
8
Let t = 300 + -72. Let q = 107 - 90. Suppose 11*w - q*w + t = 0. Calculate the greatest common factor of 95 and w.
19
Let o(v) = -v**2 - v + 231. Let f be o(0). Let p be (-17 - -18)*21/1. What is the greatest common divisor of p and f?
21
Suppose -95 = -s - 8. Let g = -4975 + 5091. Calculate the highest common factor of s and g.
29
Let m(w) = -70*w - 6480. Let v be m(-93). Let d(o) = 2*o**2 + 18*o + 18. Let n be d(-12). What is the highest common divisor of v and n?
30
Suppose -376 = 5*p + 2*a + 364, 5*p = -a - 740. Let q = -127 - p. What is the highest common divisor of q and 189?
21
Let d = 938 + -950. Let f be (-10)/d*(16 + 50). What is the highest common factor of 55 and f?
55
Suppose -2*r = -3*t - 1 - 4, 0 = -4*r + 4*t + 8. Let k = -33 - -39. Suppose 0 = k*f - 2*f - 4. What is the greatest common factor of f and r?
1
Suppose 5*a + 2*w - 57 = -12, 4*a + 5*w = 36. Let l be (2 + 20/14)/(64/7168). Let p = l - 312. Calculate the greatest common factor of p and a.
9
Let q be (0 - 2)*(-45)/(-6). Let b be 10/q + 0 + (-1300)/(-6). Calculate the greatest common factor of 48 and b.
24
Let k be 6/(14 - 871/65) + 6*-1. What is the highest common divisor of k and 4612?
4
Let b(y) = 1 - y - 1 + 5 + 6. Let z be b(0). Let v = 227 + -128. Calculate the greatest common factor of v and z.
11
Let j = 4576 - 2688. Calculate the highest common factor of j and 64.
32
Let n = -846 + 1135. Calculate the greatest common factor of 527 and n.
17
Let b be 8960/60*2/8*-3. Let o = b + 143. Calculate the greatest common divisor of o and 4.
1
Suppose 0 = -3*w + 3*n + 69, -18*n + 1 = -17*n. Let y be 9*(-4)/2 - -1. Let k = w + y. What is the highest common divisor of 7 and k?
7
Suppose 324*m + 5*j = 321*m + 163, -3*m = -5*j - 143. What is the greatest common factor of 7 and m?
1
Let t be (-31 - 2/2)/((-98)/1960). Let p be 5/((-8)/t*-5). Calculate the greatest common divisor of p and 10.
10
Suppose 3*o - 141 = -r, 5*o + 110 = -2*r + 394. Let s = r + -59. Calculate the greatest common factor of s and 11.
11
Let v(q) = 44*q**3 + 20*q**2 - 98*q + 224. Let f be v(4). Calculate the highest common factor of 16 and f.
8
Suppose 0 = -f + 2*m + 201, f = 3*m - 4*m + 213. Suppose 9 = v - 13. What is the highest common factor of f and v?
11
Suppose 41*i - 2647 = 1904. What is the highest common divisor of 962 and i?
37
Let d(w) = -91*w. Let c be d(-1). Let z(m) = -8*m**2 - 4 + 1 + 65*m + m**2 - m**3 + 19*m**2. Let u be z(16). What is the highest common divisor of u and c?
13
Let l be 52 + (-982003)/(-88) - 1/8. Calculate the highest common divisor of 333 and l.
111
Let b be 5/(-15)*42/(-49) - 12318/(-7). What is the greatest common factor of b and 132?
44
Let a(r) = -6*r - 2. Let m be a(-9). Let x = -12395 - -12499. Calculate the highest common divisor of m and x.
52
Suppose 5*p - 3 = 7, -h = p - 898. What is the highest common divisor of 8 and h?
8
Suppose -112 = -c + 4*b, -670 = -5*c - 21*b + 19*b. What is the highest common factor of c and 240?
12
Let k = -3332 + 4738. Suppose -3*r + 1057 = -x, 0*x = -4*r - 2*x + k. Calculate the greatest common divisor of r and 22.
22
Suppose 99*z + 114*z - 225*z + 24 = 0. What is the highest common divisor of z and 128?
2
Let x = -2 - -4. Suppose 2*h - 240 = -x*h. Suppose k - 12 = 2*i, -k - 2*k = -5*i - 42. What is the greatest common factor of k and h?
12
Let z = 6257 - 6221. What is the highest common factor of 5094 and z?
18
Let y = 14380 - 12815. What is the highest common divisor of y and 5?
5
Suppose -o - 260 = -6*o. Let w be o/78*1/(-2)*9. Let t be (-63)/(-6) + w/6. What is the greatest common factor of 5 and t?
5
Let g(j) = -106*j + 7. Let r be g(-3). Suppose 5*u = 10*u - r. Suppose 3*x - u = -2*x. What is the highest common factor of x and 104?
13
Let l(t) = -137*t + 6. Let z be l(-2). Let f = -229 + z. What is the highest common factor of 51 and f?
51
Suppose m - 90 = -2*m. Let b be (25 + 15561/(-455))/((-3)/15 + (-14)/(-75)). What is the highest common factor of b and m?
30
Let o be 137 + 17 - (3 + 8). What is the greatest common divisor of 13 and o?
13
Suppose 2*s - 5*j - 2139 = 0, -10*s = -6*s - 2*j - 4302. What is the greatest common divisor of 3 and s?
3
Suppose 21208*p = 21201*p + 6755. What is the greatest common factor of p and 5?
5
Let s(a) = -a**2 + 28*a - 60. Let b be s(23). Suppose -209 = -11*y + b. Calculate the highest common factor of y and 24.
24
Let h = 101 + -98. Suppose 0*t = -h*t + 4*q + 133, -2*q = 8. What is the greatest common divisor of 91 and t?
13
Let i(c) = 5*c**3 - 38*c**2 - 2*c + 23. Let l be i(9). Calculate the highest common factor of 442 and l.
26
Let n(g) be the second derivative of 10*g + 5/6*g**3 + 1/2*g**2 + 0. Let k be n(3). Calculate the highest common factor of 16 and k.
16
Let a = 121 - 109. Suppose 0 = a*d - 383 + 71. What is the greatest common factor of d and 39?
13
Let z = -357 - -364. Suppose 40698 = 27*n + z*n. Calculate the greatest common divisor of n and 63.
63
Suppose -17*k = -31*k + 6720. What is the greatest common divisor of 576 and k?
96
Let u be -3 - -2 - (-7 + 6). Suppose -142*h + 136*h + 42 = u. What is the highest common factor of h and 7?
7
Suppose -8 = z - 42. Let p be -10*(-3 + z/(-2)). Suppose 32*m = -3*m + 1439 - 39. What is the greatest common divisor of m and p?
40
Let q(y) = -224*y - 1030. Let a be q(-9). Let x(h) = 11*h - 8. Let p be x(6). Calculate the highest common factor of p and a.
58
Suppose 437*n = 433*n + 924. What is the highest common factor of 2387 and n?
77
Let q(z) = 431*z - 12012. Let v be q(28). Suppose 3*f + w - 21 = 0, -2*f + 2*w = -7*f + 35. Calculate the highest common factor of v and f.
7
Suppose 0 = -56*z + 58*z + r - 467, 4*z + 4*r - 924 = 0. What is the highest common divisor of 4012 and z?
236
Let r(f) = 21*f + 137. Let j be r(-6). Suppose 3*y - 40 = 224. What is the greatest common divisor of y and j?
11
Let l(h) = -h**2 + 0*h**2 + 19*h - 8 + 3. Suppose 0 = -92*b + 79*b + 117. Let u be l(b). Calculate the highest common divisor of 34 and u.
17
Let c be (10 - 2)*(20/(-5) + 0). Let o be (-1 + c/(-2))*88/10. Calculate the greatest common factor of 11 and o.
11
Let v be (-11)/((-825)/(-6)) + 26106/75. What is the greatest common divisor of v and 754?